{"id":24,"date":"2025-06-24T20:02:29","date_gmt":"2025-06-24T18:02:29","guid":{"rendered":"http:\/\/vdtechnology.be\/?page_id=24"},"modified":"2025-06-25T08:24:21","modified_gmt":"2025-06-25T06:24:21","slug":"contact","status":"publish","type":"page","link":"https:\/\/vdtechnology.be\/index.php\/contact\/","title":{"rendered":"Contact"},"content":{"rendered":"\n<p><\/p>\n\n\n\n<h3 class=\"wp-block-heading\"><strong>Contactez VD Technology<\/strong><\/h3>\n\n\n\n<p>Vous avez une question, besoin d\u2019un d\u00e9pannage \u00e9lectrique rapide ou d\u2019un renseignement ?<br><strong>Valentin Delhaise<\/strong> est \u00e0 votre \u00e9coute pour vous conseiller et intervenir rapidement dans la r\u00e9gion de <strong>Marche-en-Famenne (6900)<\/strong> et ses alentours.<\/p>\n\n\n\n<p>\ud83d\udcde <strong>T\u00e9l\u00e9phone<\/strong> : <a>0479 68 91 47<\/a><br>\u2709\ufe0f <strong>E-mail<\/strong> : <a class=\"\" href=\"mailto:info@vdtechnology.be\">info@vdtechnology.be<\/a><\/p>\n\n\n\n<p>N\u2019h\u00e9sitez pas \u00e0 nous contacter par t\u00e9l\u00e9phone ou \u00e0 nous \u00e9crire, nous vous r\u00e9pondrons dans les plus brefs d\u00e9lais.<\/p>\n\n\n\n<p><\/p>\n","protected":false},"excerpt":{"rendered":"<p>Contactez VD Technology Vous avez une question, besoin d\u2019un d\u00e9pannage \u00e9lectrique rapide ou d\u2019un renseignement ?Valentin Delhaise est \u00e0 votre \u00e9coute pour vous conseiller et intervenir rapidement dans la r\u00e9gion de Marche-en-Famenne (6900) et ses alentours. \ud83d\udcde T\u00e9l\u00e9phone : 0479 68 91 47\u2709\ufe0f E-mail : info@vdtechnology.be N\u2019h\u00e9sitez pas \u00e0 nous contacter par t\u00e9l\u00e9phone ou \u00e0 [&hellip;]<\/p>\n","protected":false},"author":1,"featured_media":0,"parent":0,"menu_order":0,"comment_status":"closed","ping_status":"closed","template":"","meta":{"footnotes":""},"class_list":["post-24","page","type-page","status-publish","hentry"],"_links":{"self":[{"href":"https:\/\/vdtechnology.be\/index.php\/wp-json\/wp\/v2\/pages\/24","targetHints":{"allow":["GET"]}}],"collection":[{"href":"https:\/\/vdtechnology.be\/index.php\/wp-json\/wp\/v2\/pages"}],"about":[{"href":"https:\/\/vdtechnology.be\/index.php\/wp-json\/wp\/v2\/types\/page"}],"author":[{"embeddable":true,"href":"https:\/\/vdtechnology.be\/index.php\/wp-json\/wp\/v2\/users\/1"}],"replies":[{"embeddable":true,"href":"https:\/\/vdtechnology.be\/index.php\/wp-json\/wp\/v2\/comments?post=24"}],"version-history":[{"count":7,"href":"https:\/\/vdtechnology.be\/index.php\/wp-json\/wp\/v2\/pages\/24\/revisions"}],"predecessor-version":[{"id":80,"href":"https:\/\/vdtechnology.be\/index.php\/wp-json\/wp\/v2\/pages\/24\/revisions\/80"}],"wp:attachment":[{"href":"https:\/\/vdtechnology.be\/index.php\/wp-json\/wp\/v2\/media?parent=24"}],"curies":[{"name":"wp","href":"https:\/\/api.w.org\/{rel}","templated":true}]}}