{"id":58,"date":"2025-06-24T21:05:56","date_gmt":"2025-06-24T19:05:56","guid":{"rendered":"http:\/\/vdtechnology.be\/?page_id=58"},"modified":"2025-06-24T21:05:56","modified_gmt":"2025-06-24T19:05:56","slug":"accueil-2","status":"publish","type":"page","link":"https:\/\/vdtechnology.be\/index.php\/accueil-2\/","title":{"rendered":"Accueil"},"content":{"rendered":"\n<h3 class=\"wp-block-heading\">\u26a1 \u00c9lectricit\u00e9 g\u00e9n\u00e9rale<\/h3>\n\n\n\n<p>Installations, r\u00e9novations, d\u00e9pannages \u2013 pour particuliers et pros.<\/p>\n\n\n\n<h3 class=\"wp-block-heading\">\ud83d\udd0c Bornes de recharge<\/h3>\n\n\n\n<p>Installation de bornes pour v\u00e9hicules \u00e9lectriques \u00e0 domicile ou en entreprise.<\/p>\n\n\n\n<h3 class=\"wp-block-heading\">\ud83d\udd0b Batteries &amp; stockage<\/h3>\n\n\n\n<p>Solutions de stockage d\u2019\u00e9nergie solaire pour une maison autonome et optimis\u00e9e.<\/p>\n","protected":false},"excerpt":{"rendered":"<p>\u26a1 \u00c9lectricit\u00e9 g\u00e9n\u00e9rale Installations, r\u00e9novations, d\u00e9pannages \u2013 pour particuliers et pros. \ud83d\udd0c Bornes de recharge Installation de bornes pour v\u00e9hicules \u00e9lectriques \u00e0 domicile ou en entreprise. \ud83d\udd0b Batteries &amp; stockage Solutions de stockage d\u2019\u00e9nergie solaire pour une maison autonome et optimis\u00e9e.<\/p>\n","protected":false},"author":1,"featured_media":0,"parent":0,"menu_order":0,"comment_status":"closed","ping_status":"closed","template":"","meta":{"footnotes":""},"class_list":["post-58","page","type-page","status-publish","hentry"],"_links":{"self":[{"href":"https:\/\/vdtechnology.be\/index.php\/wp-json\/wp\/v2\/pages\/58","targetHints":{"allow":["GET"]}}],"collection":[{"href":"https:\/\/vdtechnology.be\/index.php\/wp-json\/wp\/v2\/pages"}],"about":[{"href":"https:\/\/vdtechnology.be\/index.php\/wp-json\/wp\/v2\/types\/page"}],"author":[{"embeddable":true,"href":"https:\/\/vdtechnology.be\/index.php\/wp-json\/wp\/v2\/users\/1"}],"replies":[{"embeddable":true,"href":"https:\/\/vdtechnology.be\/index.php\/wp-json\/wp\/v2\/comments?post=58"}],"version-history":[{"count":1,"href":"https:\/\/vdtechnology.be\/index.php\/wp-json\/wp\/v2\/pages\/58\/revisions"}],"predecessor-version":[{"id":59,"href":"https:\/\/vdtechnology.be\/index.php\/wp-json\/wp\/v2\/pages\/58\/revisions\/59"}],"wp:attachment":[{"href":"https:\/\/vdtechnology.be\/index.php\/wp-json\/wp\/v2\/media?parent=58"}],"curies":[{"name":"wp","href":"https:\/\/api.w.org\/{rel}","templated":true}]}}